00010001000000?
1010000010001111110
In base 14, what is -34415 + -12?
-34427
In base 4, what is 1231201322112 + -10?
1231201322102
In base 11, what is -2 + 12202153?
12202151
In base 4, what is 10233113011 - -12?
10233113023
In base 13, what is c0a070 + -7?
c0a066
In base 16, what is 4 + -27024e?
-27024a
In base 6, what is 4 - 40434504030?
-40434504022
In base 10, what is -237 - -2349554?
2349317
In base 6, what is -3 - 30520130044?
-30520130051
In base 2, what is -100011100010000111001 - -101?
-100011100010000110100
In base 7, what is -431041 + -46?
-431120
In base 8, what is 1336536402 + 2?
1336536404
In base 6, what is 2 - 13201441454?
-13201441452
In base 4, what is 1203011111331 + 1?
1203011111332
In base 9, what is -3 - -141171524?
141171521
In base 3, what is 102 - 21110112222?
-21110112120
In base 11, what is 17122090 + 5?
17122095
In base 16, what is -a14 + 2914?
1f00
In base 6, what is -3022 + 103050?
100024
In base 9, what is -33433 + 451?
-32872
In base 5, what is -3401 - 32214031?
-32222432
In base 16, what is 445 + 7bb?
c00
In base 10, what is 17216 - 14079?
3137
In base 14, what is 8dba03 + 1a?
8dba1d
In base 5, what is 4330124203 - -13?
4330124221
In base 16, what is 30e7e13 + 12?
30e7e25
In base 11, what is 1253911 - -8?
1253919
In base 4, what is -13022023 + 1020?
-13021003
In base 16, what is 5be + -7b49?
-758b
In base 7, what is 4 - -64045213?
64045220
In base 16, what is 418c977 + 1?
418c978
In base 15, what is -1 + 108585c?
108585b
In base 3, what is -111111201210210 + 2?
-111111201210201
In base 13, what is -7031c67 - 27?
-7031c91
In base 16, what is -ec056 - -5?
-ec051
In base 16, what is -1ce - -d2616?
d2448
In base 2, what is 11011000111011 + -111011011?
11010001100000
In base 11, what is -7 - 66674?
-66680
In base 7, what is 26631 - -20024?
46655
In base 11, what is 4 + -4978301?
-49782a8
In base 5, what is 21342 + 2313201?
2340043
In base 15, what is 1 + -67c16c?
-67c16b
In base 8, what is 725265526 - -11?
725265537
In base 11, what is 223579 + -20?
223559
In base 8, what is 15 + -52576407?
-52576372
In base 6, what is 133110 + 130311?
303421
In base 7, what is -5644536 + 5?
-5644531
In base 9, what is 231621757 + 3?
231621761
In base 8, what is 340111416 + 7?
340111425
In base 8, what is -134363 + 1054?
-133307
In base 7, what is -20265533 - 4?
-20265540
In base 4, what is -200303210 - -1032121?
-133211023
In base 4, what is 22031 - 10312?
11113
In base 16, what is 40e7 + 3?
40ea
In base 2, what is -1101011010010100111 - -1010100?
-1101011010001010011
In base 13, what is cb + 14257?
14355
In base 12, what is 66 - b88321?
-b88277
In base 9, what is -2018280 - -13?
-2018266
In base 12, what is -8945b65 - -1?
-8945b64
In base 13, what is -46b7 + 561?
-4156
In base 7, what is -2665 - -1432615?
1426620
In base 2, what is 11100 + 11111000100101000?
11111000101000100
In base 8, what is 26354 - -27211?
55565
In base 6, what is 325112010 - -11?
325112021
In base 5, what is 11220041001211 - 2?
11220041001204
In base 5, what is 112332 + 2133243?
2301130
In base 14, what is 2b - 14901?
-148b4
In base 3, what is 12022 - 1022200210220?
-1022200121121
In base 5, what is -132233040411 - -3?
-132233040403
In base 2, what is -10010100001111001 - 110111?
-10010100010110000
In base 15, what is -6ba355 + -3?
-6ba358
In base 14, what is -5 + -3cacd5?
-3cacda
In base 7, what is -261 - -2441235?
2440644
In base 12, what is 3308b8a - 0?
3308b8a
In base 15, what is 5 + -4437315?
-4437310
In base 12, what is 28 + -2835052?
-2835026
In base 9, what is 348676755 - -3?
348676758
In base 14, what is 5551 + -d8?
5457
In base 14, what is -51 - 465891?
-465902
In base 8, what is 0 - 351033556?
-351033556
In base 8, what is -3 + 475427153?
475427150
In base 8, what is -477417 - 55?
-477474
In base 5, what is -1423123 + -1130?
-1424303
In base 12, what is -8575b97 - 4?
-8575b9b
In base 2, what is -1100100100111011 + -1100110001100?
-1110001011000111
In base 8, what is -13435274 - -7?
-13435265
In base 6, what is -15 - 11034444333?
-11034444352
In base 6, what is -25501044 - 1043?
-25502131
In base 2, what is -101101101101 - -1000111000000?
11001010011
In base 10, what is -77 + 8041834?
8041757
In base 2, what is -110110000101000001101110 - -11?
-110110000101000001101011
In base 3, what is 10221221121210 + 2210?
10221221201120
In base 6, what is -44 + -1533345152?
-1533345240
In base 4, what is -30201100 - 123130?
-30330230
In base 14, what is -19 - 2a4d2?
-2a50b
In base 8, what is -3 - 12315040?
-12315043
In base 3, what is 0 + 10022002120221?
10022002120221
In base 11, what is -91 - 15a13?
-15aa4
In base 10, what is -101723 - 12?
-101735
In base 6, what is 151 + -2312543?
-2312352
In base 14, what is -93d5d5 - -33?
-93d5a2
In base 14, what is -78 - -18ac2?
18a48
In base 11, what is 47077566 + 2?
47077568
In base 9, what is -4805 - -13066?
7161
In base 15, what is -2537c + 16?
-25366
In base 12, what is 6849 + -59?
67b0
In base 8, what is 35623274 - 165?
35623107
In base 15, what is -1e0 - 1052a?
-1071a
In base 7, what is 544114354 + 4?
544114361
In base 10, what is 27162 + -94?
27068
In base 4, what is 1100230 - 2201012?
-1100122
In base 6, what is -421510150 + 1?
-421510145
In base 15, what is 302b53e + 5?
302b544
In base 2, what is 110011010000111000101 + -1001?
110011010000110111100
In base 2, what is -11110110100 - 1110011011111110?
-1110111010110010
In base 7, what is -161 - -206213?
206022
In base 7, what is -63140356 + -62?
-63140451
In base 14, what is 13977b + -4?
139777
In base 11, what is -4 + -168375?
-168379
In base 13, what is 2 - -1b624359?
1b62435b
In base 12, what is b686 + -3772?
7b14
In base 8, what is -2 - -14322703?
14322701
In base 14, what is -11 + 18c37b5?
18c37a4
In base 14, what is -2a6328 + 4?
-2a6324
In base 3, what is -1101212 + 200100211?
121221222
In base 6, what is 1500011 - -3430?
1503441
In base 13, what is 0 + -42898ca?
-42898ca
In base 12, what is -36aa121 + -1?
-36aa122
In base 13, what is -1046 + c9a?
-79
In base 12, what is 2 - -3a25765?
3a25767
In base 2, what is 1000001011010100000111 - -10000000?
1000001011010110000111
In base 4, what is -111102 + -12331023?
-13102131
In base 13, what is 5 + a519668?
a519670
In base 8, what is -206010426 - -2?
-206010424
In base 15, what is -4ac19a - ab?
-4ac256
In base 13, what is 1 - -829707?
829708
In base 15, what is 1 + 3052a9a?
3052a9b
In base 12, what is 4 - -3247b78?
3247b80
In base 8, what is 2 + -66715064?
-66715062
In base 2, what is -100111000110 + 10011000101010?
1110001100100
In base 15, what is 0 - ddc81?
-ddc81
In base 8, what is 415111 - -11?
415122
In base 11, what is -22 + -1968558?
-196857a
In base 13, what is a + 8c86b?
8c878
In base 9, what is -336 + 414645?
414308
In base 14, what is -16b21 - -6d56?
-dba9
In base 14, what is -4 - 9675c7?
-9675cb
In base 13, what is 3 - -474a29c?
474a2a2
In base 12, what is 6a04 + -7b6?
620a
In base 13, what is 990334 - -19?
990350
In base 14, what is -2 + 27ddb3c?
27ddb3a
In base 14, what is 0 - -2742a37?
2742a37
In base 12, what is -41393 - -4296?
-390b9
In base 7, what is -20 - 1545320564?
-1545320614
In base 2, what is 10011110010001101101011 + -10010100?
10011110010001011010111
In base 8, what is 1016520172 + -4?
1016520166
In base 11, what is -1037 - -60a0?
5064
In base 8, what is -156006304 - -10?
-156006274
In base 3, what is 2201 + 12221121121202?
12221121201110
In base 3, what is 222202211201220200 + -11?
222202211201220112
In base 6, what is -13020130122 - -1?
-13020130121
In base 15, what is 0 + -178a3b?
-178a3b
In base 9, what is 5356 + -285?
5061
In base 5, what is 212 - -24100201432?
24100202144
In base 11, what is 8 + -277a76?
-277a69
In base 6, what is 42044232 - -1013?
42045245
In base 13, what is 6 + 2537c863?
2537c869
In base 15, what is b93b2c - 1?
b93b2b
In base 3, what is -10 - 10011021021?
-10011021101
In base 15, what is 4 - -74c7ce2?
74c7ce6
In base 14, what is 4218c0 + -3b?
421883
In base 15, what is 58d94 + 25?
58db9
In base 2, what is 11001101000100001001111 - 10100?
11001101000100000111011
In base 10, what is 231697 + -114?
231583
In base 14, what is 3cab4 - 103?
3c9b1
In base 12, what is 15a1 + -106?
1497
In base 6, what is -202 - 1304101144?
-1304101350
In base 6, what is -4 - 124541